{"id":6574,"date":"2019-06-07T22:48:45","date_gmt":"2019-06-07T20:48:45","guid":{"rendered":"https:\/\/hornigold.pl\/?page_id=6574"},"modified":"2026-02-13T13:42:02","modified_gmt":"2026-02-13T12:42:02","slug":"catering","status":"publish","type":"page","link":"https:\/\/hornigold.pl\/?page_id=6574","title":{"rendered":"Catering"},"content":{"rendered":"<div class=\"wpb-content-wrapper\"><p>[vc_row css=&#8221;.vc_custom_1559931614021{margin-top: -150px !important;}&#8221;][vc_column][vc_column_text][rev_slider_vc alias=&#8221;catering&#8221;][\/vc_column_text][\/vc_column][\/vc_row][vc_row content_width=&#8221;grid&#8221; css=&#8221;.vc_custom_1559931629216{margin-top: 100px !important;margin-bottom: 100px !important;}&#8221;][vc_column width=&#8221;1\/2&#8243;][vc_column_text css=&#8221;&#8221;]<\/p>\n<h3 style=\"text-align: justify;\">Restauracja \u015al\u0105ska Prohibicja<\/h3>\n<p>&nbsp;<\/p>\n<p style=\"text-align: justify;\">\u015al\u0105ska Prohibicja to miejsce, gdzie otoczenie \u015bl\u0105skiej architektury przenosi w zupe\u0142nie inny \u015bwiat. Stylowe wn\u0119trza mog\u0105ce pomie\u015bci\u0107 200 Go\u015bci w pi\u0119ciu salach, muzyka na \u017cywo grana podczas weekendowych wieczor\u00f3w, wesela, przyj\u0119cia czy te\u017c koncerty wybitnych muzyk\u00f3w \u2013 wszystko to sprawia, \u017ce \u015bwiat \u015al\u0105skiej Prohibicji na d\u0142ugo zapada w pami\u0119\u0107. A do tego, co najwa\u017cniejsze \u2013 znakomite dania kuchni \u015bl\u0105skiej w autorskiej ods\u0142onie Szefowej Kuchni \u2013 zwyci\u0119\u017cczyni V edycji programu MasterChef TVN, Magdaleny Nowaczewskiej.<\/p>\n<p style=\"text-align: justify;\">Restauracja \u015al\u0105ska Prohibicja zapewnia najwy\u017cszej jako\u015bci obs\u0142ug\u0119 wydarze\u0144, szkole\u0144, konferencji oraz bankiet\u00f3w. Do\u015bwiadczenie, profesjonalizm jak i indywidualne pode\u015bcie do ka\u017cdej imprezy to gwarancja satysfakcji i zadowolenia ka\u017cdego z Go\u015bci.<\/p>\n<p style=\"text-align: justify;\">Aby pobyt w Katowicach by\u0142 jeszcze bardziej udany warto skorzysta\u0107 z mo\u017cliwo\u015bci rezerwacji i sp\u0119dzi\u0107 uroczy wiecz\u00f3r w restauracji \u015al\u0105ska Prohibicja w katowickim Nikiszowcu.<\/p>\n<p>[\/vc_column_text][vc_empty_space height=&#8221;50px&#8221;]<a href=\"https:\/\/slaskaprohibicja.pl\/\" target=\"_blank\"  class=\"edgtf-btn edgtf-btn-medium edgtf-btn-outline edgtf-has-hover\"  >\n    <span class=\"edgtf-btn-text\">Strona \u015al\u0105skiej Prohibicji<\/span>    <span class=\"edgtf-btn-background-holder\" ><\/span>\n    <span class=\"edgtf-btn-background-hover-holder\" ><\/span>\n<\/a>[vc_empty_space height=&#8221;20px&#8221;]<a href=\"tel:+48327232899\" target=\"_blank\"  class=\"edgtf-btn edgtf-btn-medium edgtf-btn-outline edgtf-has-hover\"  >\n    <span class=\"edgtf-btn-text\">Rezerwacje: (32) 723 28 99<\/span>    <span class=\"edgtf-btn-background-holder\" ><\/span>\n    <span class=\"edgtf-btn-background-hover-holder\" ><\/span>\n<\/a>[\/vc_column][vc_column width=&#8221;1\/2&#8243;][vc_gallery type=&#8221;image_grid&#8221; images=&#8221;6580,6581,6582,6583,6584,6585&#8243; img_size=&#8221;medium&#8221;][\/vc_column][\/vc_row]<\/p>\n<\/div>","protected":false},"excerpt":{"rendered":"<p>[vc_row css=&#8221;.vc_custom_1559931614021{margin-top: -150px !important;}&#8221;][vc_column][vc_column_text][rev_slider_vc alias=&#8221;catering&#8221;][\/vc_column_text][\/vc_column][\/vc_row][vc_row content_width=&#8221;grid&#8221; css=&#8221;.vc_custom_1559931629216{margin-top: 100px !important;margin-bottom: 100px !important;}&#8221;][vc_column width=&#8221;1\/2&#8243;][vc_column_text css=&#8221;&#8221;] Restauracja \u015al\u0105ska Prohibicja &nbsp; \u015al\u0105ska Prohibicja to miejsce, gdzie otoczenie \u015bl\u0105skiej architektury przenosi w zupe\u0142nie inny \u015bwiat. Stylowe wn\u0119trza mog\u0105ce pomie\u015bci\u0107 200 Go\u015bci w pi\u0119ciu salach, muzyka na \u017cywo grana podczas weekendowych&#8230;<\/p>\n","protected":false},"author":9,"featured_media":0,"parent":0,"menu_order":0,"comment_status":"closed","ping_status":"open","template":"full-width.php","meta":{"footnotes":""},"class_list":["post-6574","page","type-page","status-publish","hentry"],"_links":{"self":[{"href":"https:\/\/hornigold.pl\/index.php?rest_route=\/wp\/v2\/pages\/6574","targetHints":{"allow":["GET"]}}],"collection":[{"href":"https:\/\/hornigold.pl\/index.php?rest_route=\/wp\/v2\/pages"}],"about":[{"href":"https:\/\/hornigold.pl\/index.php?rest_route=\/wp\/v2\/types\/page"}],"author":[{"embeddable":true,"href":"https:\/\/hornigold.pl\/index.php?rest_route=\/wp\/v2\/users\/9"}],"replies":[{"embeddable":true,"href":"https:\/\/hornigold.pl\/index.php?rest_route=%2Fwp%2Fv2%2Fcomments&post=6574"}],"version-history":[{"count":1,"href":"https:\/\/hornigold.pl\/index.php?rest_route=\/wp\/v2\/pages\/6574\/revisions"}],"predecessor-version":[{"id":24725,"href":"https:\/\/hornigold.pl\/index.php?rest_route=\/wp\/v2\/pages\/6574\/revisions\/24725"}],"wp:attachment":[{"href":"https:\/\/hornigold.pl\/index.php?rest_route=%2Fwp%2Fv2%2Fmedia&parent=6574"}],"curies":[{"name":"wp","href":"https:\/\/api.w.org\/{rel}","templated":true}]}}