{"id":6891,"date":"2020-10-05T12:24:33","date_gmt":"2020-10-05T10:24:33","guid":{"rendered":"https:\/\/hornigold.pl\/?page_id=6891"},"modified":"2020-10-05T12:31:46","modified_gmt":"2020-10-05T10:31:46","slug":"sala-sniadaniowa","status":"publish","type":"page","link":"https:\/\/hornigold.pl\/?page_id=6891","title":{"rendered":"Sala \u015bniadaniowa"},"content":{"rendered":"<div class=\"wpb-content-wrapper\"><p>[vc_row css=&#8221;.vc_custom_1559931614021{margin-top: -150px !important;}&#8221;][vc_column][rev_slider_vc alias=&#8221;sniadania&#8221;][\/vc_column][\/vc_row][vc_row content_width=&#8221;grid&#8221; css=&#8221;.vc_custom_1559931629216{margin-top: 100px !important;margin-bottom: 100px !important;}&#8221;][vc_column width=&#8221;1\/2&#8243;][vc_column_text]<\/p>\n<h3>A na chmurze bal do rana<\/h3>\n<p>&nbsp;<\/p>\n<p>Wyj\u0105tkowe aromaty unosz\u0105ce si\u0119 z kuchni z pewno\u015bci\u0105 sprawiaj\u0105, \u017ce mamy ochot\u0119 na co\u015b pysznego. \u015aniadanie to podstawowy posi\u0142ek ka\u017cdego dnia, dlatego w naszej Sali \u015aniadaniowej codziennie od 7.00 do 10.00 serwujemy wyj\u0105tkowe pozycje, w kt\u00f3rych ka\u017cdy znajdzie co\u015b dla siebie. \u015aniadanie w stylu polskim, francuskim lub angielskim? Nie ma problemu. U nas zawsze znajdziecie \u015bwie\u017ce produkty i najlepsze sk\u0142adniki. Zapraszamy na aromatyczn\u0105 kaw\u0119 lub herbat\u0119, orze\u017awiaj\u0105ce smoothie lub s\u0142odki kompot. W razie potrzeby Wasze \u015bniadanie przygotujemy tak\u017ce na wynos.<\/p>\n<p>Nasza Sala \u015aniadaniowa to miejsce przyjazne i rodzinne. Popo\u0142udniami w godzinach od 16.00 do 18.00 zapraszamy do Strefy dla rodzin na podwieczorek. Znajdzie si\u0119 tu k\u0105cik dla dziecka a w nim gry, zabawki i ksi\u0105\u017cki, oraz stolik kawowy dla rodzica. Dzieci zach\u0119camy tak\u017ce do wzi\u0119cia udzia\u0142u w seansach filmowych z ulubionymi postaciami z kresk\u00f3wek oraz w kreatywnych warsztatach. Na wszystkich Go\u015bci zawsze czekaj\u0105 domowe wypieki i s\u0142odkie desery.<\/p>\n<p>Wieczorem, na \u017cyczenie nasza sala zamienia si\u0119 w ma\u0142\u0105, kameraln\u0105 restauracyjk\u0119, gdzie mo\u017cna zrelaksowa\u0107 si\u0119 po ca\u0142ym dniu. Specjalnie dla Was przygotujemy ciep\u0142\u0105 kolacj\u0119 z winem. Przyjd\u017acie, pos\u0142uchajcie klimatycznej muzyki i poczujcie klimat Zielonej Kamienicy.<\/p>\n<p>[\/vc_column_text][vc_empty_space height=&#8221;50px&#8221;]<a href=\"https:\/\/hornigold.pl\/wp-content\/uploads\/2020\/10\/menu_hornigold.pdf\" target=\"_blank\"  class=\"edgtf-btn edgtf-btn-medium edgtf-btn-solid edgtf-has-hover\"  >\n    <span class=\"edgtf-btn-text\">zobacz menu<\/span>    <span class=\"edgtf-btn-background-holder\" ><\/span>\n    <span class=\"edgtf-btn-background-hover-holder\" ><\/span>\n<\/a>[vc_empty_space height=&#8221;50px&#8221;][\/vc_column][vc_column width=&#8221;1\/2&#8243;][vc_gallery type=&#8221;image_grid&#8221; images=&#8221;6896,6897,6898,6899&#8243; img_size=&#8221;medium&#8221;][\/vc_column][\/vc_row]<\/p>\n<\/div>","protected":false},"excerpt":{"rendered":"<p>[vc_row css=&#8221;.vc_custom_1559931614021{margin-top: -150px !important;}&#8221;][vc_column][rev_slider_vc alias=&#8221;sniadania&#8221;][\/vc_column][\/vc_row][vc_row content_width=&#8221;grid&#8221; css=&#8221;.vc_custom_1559931629216{margin-top: 100px !important;margin-bottom: 100px !important;}&#8221;][vc_column width=&#8221;1\/2&#8243;][vc_column_text] A na chmurze bal do rana &nbsp; Wyj\u0105tkowe aromaty unosz\u0105ce si\u0119 z kuchni z pewno\u015bci\u0105 sprawiaj\u0105, \u017ce mamy ochot\u0119 na co\u015b pysznego. \u015aniadanie to podstawowy posi\u0142ek ka\u017cdego dnia, dlatego w naszej Sali \u015aniadaniowej&#8230;<\/p>\n","protected":false},"author":9,"featured_media":0,"parent":0,"menu_order":0,"comment_status":"closed","ping_status":"closed","template":"full-width.php","meta":{"footnotes":""},"class_list":["post-6891","page","type-page","status-publish","hentry"],"_links":{"self":[{"href":"https:\/\/hornigold.pl\/index.php?rest_route=\/wp\/v2\/pages\/6891","targetHints":{"allow":["GET"]}}],"collection":[{"href":"https:\/\/hornigold.pl\/index.php?rest_route=\/wp\/v2\/pages"}],"about":[{"href":"https:\/\/hornigold.pl\/index.php?rest_route=\/wp\/v2\/types\/page"}],"author":[{"embeddable":true,"href":"https:\/\/hornigold.pl\/index.php?rest_route=\/wp\/v2\/users\/9"}],"replies":[{"embeddable":true,"href":"https:\/\/hornigold.pl\/index.php?rest_route=%2Fwp%2Fv2%2Fcomments&post=6891"}],"version-history":[{"count":0,"href":"https:\/\/hornigold.pl\/index.php?rest_route=\/wp\/v2\/pages\/6891\/revisions"}],"wp:attachment":[{"href":"https:\/\/hornigold.pl\/index.php?rest_route=%2Fwp%2Fv2%2Fmedia&parent=6891"}],"curies":[{"name":"wp","href":"https:\/\/api.w.org\/{rel}","templated":true}]}}