{"id":6903,"date":"2020-10-05T12:47:04","date_gmt":"2020-10-05T10:47:04","guid":{"rendered":"https:\/\/hornigold.pl\/?page_id=6903"},"modified":"2020-10-05T19:25:21","modified_gmt":"2020-10-05T17:25:21","slug":"o-nas","status":"publish","type":"page","link":"https:\/\/hornigold.pl\/?page_id=6903","title":{"rendered":"O nas"},"content":{"rendered":"<div class=\"wpb-content-wrapper\"><p>[vc_row css=&#8221;.vc_custom_1559931614021{margin-top: -150px !important;}&#8221;][vc_column][rev_slider_vc alias=&#8221;onas&#8221;][\/vc_column][\/vc_row][vc_row content_width=&#8221;grid&#8221; css=&#8221;.vc_custom_1559931629216{margin-top: 100px !important;margin-bottom: 100px !important;}&#8221;][vc_column width=&#8221;1\/2&#8243;][vc_single_image image=&#8221;6933&#8243; img_size=&#8221;full&#8221; alignment=&#8221;center&#8221; css_animation=&#8221;appear&#8221;][vc_empty_space height=&#8221;30px&#8221;][\/vc_column][vc_column width=&#8221;1\/2&#8243;][vc_empty_space height=&#8221;30px&#8221;][vc_column_text]Apartamenty Hornigold \u201eW Zielonej Kamienicy\u201d zrodzi\u0142y si\u0119 z marze\u0144. Pragn\u0119li\u015bmy stworzy\u0107 przestrze\u0144, kt\u00f3ra nie b\u0119dzie tylko budynkiem us\u0142ugowym czy hotelem jakich w Katowicach jest wiele, ale mark\u0105 \u2013 autentyczn\u0105, rozpoznawan\u0105 i lubian\u0105. W naszych realizacjach zawsze inspirujemy si\u0119 histori\u0105 regionu, a wiedz\u0119 o niej wykorzystujemy na sw\u00f3j w\u0142asny, oryginalny spos\u00f3b. Kamienica z 1914 roku, w kt\u00f3rej si\u0119 mie\u015bcimy z pozoru przypomina inne, rozci\u0105gaj\u0105ce si\u0119 wzd\u0142u\u017c ulicy Kopernika.<\/p>\n<p>Z jednej strony to prawda, gdy\u017c wiele z budynk\u00f3w zosta\u0142o wzniesionych dzi\u0119ki projektom Roberta Zimmermanna (dawniej Cie\u015blika), kt\u00f3ry kupuj\u0105c dzia\u0142ki w p\u00f3\u0142nocnej cz\u0119\u015bci ulicy Ko\u015bciuszki sukcesywnie zabudowywa\u0142 obie ulice. Przecie\u017c kiedy\u015b by\u0142y tu polne drogi, a teraz mamy t\u0119tni\u0105ce \u017cyciem \u015ar\u00f3dmie\u015bcie. Z drugiej jednak, wystarczy wej\u015b\u0107 na nasz dziedziniec, aby ju\u017c od progu poczu\u0107 niepowtarzalny klimat miejsca. Czy jeste\u015bcie gotowi, aby pozna\u0107 \u015bwiat Zielonej Kamienicy? Zapraszamy![\/vc_column_text][vc_empty_space height=&#8221;30px&#8221;][\/vc_column][\/vc_row][vc_row][vc_column][vc_empty_space height=&#8221;60px&#8221;][\/vc_column][\/vc_row][vc_row content_width=&#8221;grid&#8221; css=&#8221;.vc_custom_1559931629216{margin-top: 100px !important;margin-bottom: 100px !important;}&#8221;][vc_column width=&#8221;1\/2&#8243;][vc_empty_space height=&#8221;30px&#8221;][vc_column_text]<\/p>\n<h3>\u201eZielono mi i spokojnie\u201d<\/h3>\n<p>&nbsp;<\/p>\n<p>Kto\u015b, kto jeszcze nie mia\u0142 okazji przebywa\u0107 w naszych wn\u0119trzach mo\u017ce nie wiedzie\u0107 sk\u0105d pomys\u0142 na nazw\u0119? Dlaczego \u201eW Zielonej Kamienicy\u201d? M\u00f3wili\u015bmy o tym, \u017ce w naszych projektach inspirujemy si\u0119 histori\u0105, ale nie wspomnieli\u015bmy, \u017ce r\u00f3wnie\u017c natur\u0105. Elewacja kamienicy poro\u015bni\u0119ta jest bluszczem, kt\u00f3ry ka\u017cdej pory roku wygl\u0105da niesamowicie, recepcj\u0119 ozdabiaj\u0105 zawsze \u015bwie\u017ce kwiaty a na korytarzach, w Sali \u015aniadaniowej Ekspress czy apartamentach znajdziecie du\u017co, pi\u0119knych ro\u015blin doniczkowych. Musimy te\u017c wspomnie\u0107, \u017ce kochamy ksi\u0105\u017cki i poezj\u0119, dlatego w nazwach pomieszcze\u0144 znajdziecie wiele odniesie\u0144 do tw\u00f3rczo\u015bci Agnieszki Osieckiej, Andrzeja D\u0105browskiego czy Marii Koterbskiej.[\/vc_column_text][vc_empty_space height=&#8221;30px&#8221;][\/vc_column][vc_column width=&#8221;1\/4&#8243;][vc_single_image image=&#8221;6915&#8243; img_size=&#8221;full&#8221; alignment=&#8221;center&#8221; css_animation=&#8221;appear&#8221;][vc_empty_space height=&#8221;30px&#8221;][\/vc_column][vc_column width=&#8221;1\/4&#8243;][vc_single_image image=&#8221;6916&#8243; img_size=&#8221;full&#8221; alignment=&#8221;center&#8221; css_animation=&#8221;appear&#8221;][vc_empty_space height=&#8221;30px&#8221;][\/vc_column][\/vc_row][vc_row][vc_column][vc_empty_space height=&#8221;60px&#8221;][\/vc_column][\/vc_row][vc_row content_width=&#8221;grid&#8221; css=&#8221;.vc_custom_1559931629216{margin-top: 100px !important;margin-bottom: 100px !important;}&#8221;][vc_column width=&#8221;1\/2&#8243;][vc_single_image image=&#8221;6918&#8243; img_size=&#8221;full&#8221; alignment=&#8221;center&#8221; css_animation=&#8221;appear&#8221;][vc_empty_space height=&#8221;30px&#8221;][\/vc_column][vc_column width=&#8221;1\/2&#8243;][vc_empty_space height=&#8221;30px&#8221;][vc_column_text]<\/p>\n<h3>Kto o to wszystko dba?<\/h3>\n<p>&nbsp;<\/p>\n<p>Nad wizerunkiem aparthotelu czuwa dyrektor obiektu &#8211; Pani Beata Zaborowska wraz z przemi\u0142ymi recepcjonistkami i pracowit\u0105 obs\u0142ug\u0105 pokojow\u0105. Uczynne, zawsze u\u015bmiechni\u0119te i pomocne z wielkim zaanga\u017cowaniem podejmuj\u0105 si\u0119 ka\u017cdego zadania. Chcecie si\u0119 dowiedzie\u0107 czego\u015b wi\u0119cej o historii miejsca lub potrzebujecie si\u0119 poradzi\u0107? Nie wahajcie si\u0119! Jeste\u015bmy zawsze do Waszej dyspozycji.[\/vc_column_text][vc_empty_space height=&#8221;30px&#8221;][\/vc_column][\/vc_row][vc_row][vc_column][vc_empty_space height=&#8221;60px&#8221;][\/vc_column][\/vc_row][vc_row content_width=&#8221;grid&#8221; css=&#8221;.vc_custom_1559931629216{margin-top: 100px !important;margin-bottom: 100px !important;}&#8221;][vc_column width=&#8221;1\/2&#8243;][vc_empty_space height=&#8221;30px&#8221;][vc_column_text]<\/p>\n<h3>Wybierz dla siebie<\/h3>\n<p>&nbsp;<\/p>\n<p>Nasze apartamenty to przestrzenie o r\u00f3\u017cnej wielko\u015bci i standardzie. Aran\u017cacje pokoi s\u0105 klasyczne, hotelowe, a ca\u0142o\u015b\u0107 przestrzeni dope\u0142niaj\u0105 stylowe dodatki takie jak w\u0142oskie meble czy reprodukcje dzie\u0142 malarzy impresjonistycznych wisz\u0105ce na \u015bcianach. Mimo wszystko uda\u0142o si\u0119 nam w nich stworzy\u0107 przytuln\u0105, domow\u0105 atmosfer\u0119. Znajdziecie tu wygodny fotel z ciep\u0142ym kocem i mi\u0119kkimi poduszkami, k\u0105cik do pracy, liczne tytu\u0142y ksi\u0105\u017cek, kt\u00f3re mo\u017cna wypo\u017cyczy\u0107 i poczyta\u0107 w skupieniu i ciszy. Ka\u017cdy apartament ma sw\u00f3j niepowtarzalny charakter i klimat. W pokoju \u201eParasolki\u201d znajdziecie motywy deszczowej piosenki, \u201eApartament kwiatowy\u201d przywita Was motywami florystycznymi, a w pokoju z reprodukcj\u0105 obrazu \u201eDziewczyna w niebieskiej sukni&#8221; w\u0142oskiego portrecisty Johanessa Versproncka natkniecie si\u0119 na ciekaw\u0105 histori\u0119 koloru niebieskiego, kt\u00f3r\u0105 ch\u0119tnie przybli\u017cy Wam Pani Beata.<\/p>\n<p>Je\u015bli jeste\u015bcie tu tylko na chwilk\u0119 i zale\u017cy Wam na kameralnym metra\u017cu zapraszamy do Pokoj\u00f3w Classic, urz\u0105dzonych w naturalnych odcieniach. Planujecie zosta\u0107 na d\u0142u\u017cej? Najbardziej odpowiednie b\u0119d\u0105 Apartamenty Suite sk\u0142adaj\u0105ce si\u0119 z salonu, sypialni, aneksu kuchennego i du\u017cej \u0142azienki. Romantyczny pobyt tylko we dwoje? Zapraszamy do Pokoj\u00f3w Premium, w kt\u00f3rych b\u0119dzie czeka\u0142a na Was butelka szampana, owoce i ogromna wanna z hydromasa\u017cem. Na rodzinne zakwaterowania proponujemy Apartamenty Prestige z komfortow\u0105 przestrzeni\u0105 nawet dla 6 os\u00f3b. Je\u015bli przyjechali\u015bcie w delegacj\u0119 i pracujecie zdalnie na swoim laptopie wybierzcie Pokoje Premium Deluxe z wygodnym \u0142\u00f3\u017ckiem i praktycznym miejscem do pracy.<\/p>\n<p>Przy wyborze swojego wymarzonego noclegu mo\u017cecie kierowa\u0107 si\u0119 takimi cechami jak udogodnienia, pi\u0119tro czy nawet widok z okna (na t\u0119tni\u0105ce \u017cyciem miasto lub cichy dziedziniec). Powiedzcie czego potrzebujecie, jakie s\u0105 wasze oczekiwania a my zaproponujemy dla Was najlepsze rozwi\u0105zanie.[\/vc_column_text][vc_empty_space height=&#8221;30px&#8221;][\/vc_column][vc_column width=&#8221;1\/2&#8243;][vc_single_image image=&#8221;6919&#8243; img_size=&#8221;full&#8221; alignment=&#8221;center&#8221; css_animation=&#8221;appear&#8221;][vc_empty_space height=&#8221;30px&#8221;][\/vc_column][\/vc_row][vc_row][vc_column][vc_empty_space height=&#8221;60px&#8221;][\/vc_column][\/vc_row][vc_row content_width=&#8221;grid&#8221; css=&#8221;.vc_custom_1559931629216{margin-top: 100px !important;margin-bottom: 100px !important;}&#8221;][vc_column width=&#8221;1\/2&#8243;][vc_single_image image=&#8221;6920&#8243; img_size=&#8221;full&#8221; alignment=&#8221;center&#8221; css_animation=&#8221;appear&#8221;][vc_empty_space height=&#8221;30px&#8221;][\/vc_column][vc_column width=&#8221;1\/2&#8243;][vc_empty_space height=&#8221;30px&#8221;][vc_column_text]<\/p>\n<h3>\u015aniadanie, podwieczorek, kolacja<\/h3>\n<p>&nbsp;<\/p>\n<p>Sw\u00f3j dzie\u0144 w Apartamentach warto zacz\u0105\u0107 od wspania\u0142ego \u015bniadania przygotowanego przez Pani\u0105 Iz\u0119. Ju\u017c od samego rana obudzi Was zapach aromatycznej kawy rozchodz\u0105cy si\u0119 po korytarzach, kt\u00f3rej mo\u017cecie si\u0119 napi\u0107 na miejscu lub zabra\u0107 w drog\u0119. Podejrzewamy, \u017ce gotowanie jest pasj\u0105 Pani Izy gdy\u017c tworzy wyj\u0105tkowe kompozycje smakowe. Angielskie \u015bniadanie, p\u0142atki owsiane a mo\u017ce francuski tost? Wybierzcie to na co tylko macie ochot\u0119! Je\u015bli w popo\u0142udniowej porze marzycie o s\u0142odkim podwieczorku zapraszamy na domowe wypieki, smoothie oraz \u015bwie\u017ce koktajle owocowe, kt\u00f3re dostarcz\u0105 energii i witamin. Dzieci zapraszamy na pyszny kompot w naszej strefie dla rodzin z dzieckiem. Spieszycie si\u0119 na spotkanie albo ko\u0144czycie pobyt w naszych przestrzeniach? Przygotujemy dla Was podr\u0119czny lunchbox z tym co najlepsze w \u015brodku! Wieczorem, gdy ju\u017c wr\u00f3cicie z miasta wpadnijcie na kieliszek wina przy \u015bwiecach i pos\u0142uchajcie koj\u0105cej muzyki.[\/vc_column_text][vc_empty_space height=&#8221;30px&#8221;][\/vc_column][\/vc_row][vc_row][vc_column][vc_empty_space height=&#8221;60px&#8221;][\/vc_column][\/vc_row][vc_row content_width=&#8221;grid&#8221; css=&#8221;.vc_custom_1559931629216{margin-top: 100px !important;margin-bottom: 100px !important;}&#8221;][vc_column width=&#8221;1\/2&#8243;][vc_empty_space height=&#8221;30px&#8221;][vc_column_text]<\/p>\n<h3>Pracowicie, aktywnie czy leniwie?<\/h3>\n<p>&nbsp;<\/p>\n<p>Jeste\u015bmy do Waszej dyspozycji zawsze wtedy, kiedy tego potrzebujecie. Chcemy, aby Wasz pobyt w Katowicach by\u0142 niezapomniany, dlatego mo\u017cecie korzysta\u0107 z licznych udogodnie\u0144 i przyjemno\u015bci jakie przygotowali\u015bmy. Potrzebujecie dodatkowego sprz\u0105tania albo pos\u0142ania? Powiedzcie nam o tym! Przyje\u017cd\u017cacie z ma\u0142ymi dzie\u0107mi i potrzebujecie \u0142\u00f3\u017ceczka, kocyka lub podgrzewacza do butelki? Zapytajcie o nie obs\u0142ug\u0119. Zawsze pomo\u017cemy i doradzimy.<\/p>\n<p>Pobyt w Hornigold to nie tylko noclegi, ale r\u00f3wnie\u017c spotkania biznesowe wycieczki rowerowe, wypady do kina oraz relaks w jacuzzi. To mo\u017cliwe? Oczywi\u015bcie! Wsp\u00f3\u0142pracujemy z wieloma instytucjami kulturalno-rozrywkowymi, dzi\u0119ki kt\u00f3rym mo\u017cemy zaprosi\u0107 Was np. na biznesow\u0105 lub prywatn\u0105 kolacj\u0119 do \u015al\u0105skiej Prohibicji, zaproponowa\u0107 p\u00f3j\u015bcie do Kina Helios w Katowicach lub na wycieczk\u0119 po zabytkowym Nikiszowcu. Stworzyli\u015bmy szereg pakiet\u00f3w dedykowanych z licznymi atrakcjami i niespodziankami dla ca\u0142ej rodziny. I tak w pakiecie \u201eTurysta\u201d mo\u017cecie wypo\u017cyczy\u0107 rower na odpr\u0119\u017caj\u0105c\u0105 przeja\u017cd\u017ck\u0119 np. po Parku Ko\u015bciuszki lub Parku \u015al\u0105skim, w pakiecie \u201eBiznes\u201d mo\u017cecie zaplanowa\u0107 konferencj\u0119 w odpowiednio przygotowanej sali wraz z przerw\u0105 kawow\u0105 a p\u00f3\u017aniej zrelaksowa\u0107 si\u0119 po ci\u0119\u017ckim dniu w Sali Relaksu (jacuzzi i sauna) a w pakiecie \u201eRodzina\u201d wybra\u0107 si\u0119 z dzie\u0107mi do Escape Roomu lub na laserowy paintball. Akceptujemy tak\u017ce zwierz\u0119ta, dla kt\u00f3rych przygotowali\u015bmy Paszport Pupila \u2013 jest to zabawna pami\u0105tka dla w\u0142a\u015bcicieli i ich czworonog\u00f3w.[\/vc_column_text][vc_empty_space height=&#8221;30px&#8221;][\/vc_column][vc_column width=&#8221;1\/2&#8243;][vc_single_image image=&#8221;6921&#8243; img_size=&#8221;full&#8221; alignment=&#8221;center&#8221; css_animation=&#8221;appear&#8221;][vc_empty_space height=&#8221;30px&#8221;][\/vc_column][\/vc_row][vc_row][vc_column][vc_empty_space height=&#8221;60px&#8221;][\/vc_column][\/vc_row][vc_row content_width=&#8221;grid&#8221; css=&#8221;.vc_custom_1559931629216{margin-top: 100px !important;margin-bottom: 100px !important;}&#8221;][vc_column width=&#8221;1\/2&#8243;][vc_single_image image=&#8221;6944&#8243; img_size=&#8221;full&#8221; alignment=&#8221;center&#8221; css_animation=&#8221;appear&#8221;][vc_empty_space height=&#8221;30px&#8221;][\/vc_column][vc_column width=&#8221;1\/2&#8243;][vc_empty_space height=&#8221;30px&#8221;][vc_column_text]<\/p>\n<h3>Bezpiecze\u0144stwo przede wszystkim<\/h3>\n<p>&nbsp;<\/p>\n<p>Komfort i bezpiecze\u0144stwo naszych Go\u015bci s\u0105 dla nas najwa\u017cniejsze, szczeg\u00f3lnie w dobie pandemii. W Hornigold stosujemy si\u0119 do wszystkich zalece\u0144 Ministerstwa Zdrowia. W naszych przestrzeniach \u2013 w holu, Sali \u015aniadaniowej czy apartamentach znajdziecie \u015brodki do dezynfekcji d\u0142oni a w recepcji mo\u017cecie zakupi\u0107 maseczki ochronne. Naszym Go\u015bciom mierzymy tak\u017ce temperatur\u0119. Je\u015bli to mo\u017cliwe dezynfekujemy wszystkie powierzchnie wra\u017cliwe takie jak: por\u0119cze, wind\u0119, stoliki oraz kanapy. Nasze pokoje s\u0105 ozonowane przed ka\u017cdym zakwaterowaniem. Zawsze s\u0142u\u017cymy pomoc\u0105 i dok\u0142adamy wszelkich stara\u0144 aby\u015bcie czuli si\u0119 jak w domu.[\/vc_column_text][vc_empty_space height=&#8221;30px&#8221;][\/vc_column][\/vc_row][vc_row][vc_column][vc_empty_space height=&#8221;60px&#8221;][\/vc_column][\/vc_row][vc_row content_width=&#8221;grid&#8221; css=&#8221;.vc_custom_1559931629216{margin-top: 100px !important;margin-bottom: 100px !important;}&#8221;][vc_column width=&#8221;1\/2&#8243;][vc_empty_space height=&#8221;30px&#8221;][vc_column_text]<\/p>\n<h3>Zielona Kamienica jest dla wszystkich<\/h3>\n<p>&nbsp;<\/p>\n<p>Jak widzicie Hornigold \u201eW Zielonej kamienicy\u201d to miejsce ciekawe, atrakcyjne, przyjazne o mi\u0142ej, domowej atmosferze. Ka\u017cdy jest tu mile widziany i ka\u017cdy znajdzie tu co\u015b dla siebie. Stawiamy na do\u015bwiadczenie i profesjonalizm, maj\u0105c jednocze\u015bnie ogromne pok\u0142ady empatii, energii i pogodnego usposobienia. Dodatkowo, w czasach pandemii zachowujemy wszystkie zasady ostro\u017cno\u015bci, aby\u015bcie czuli si\u0119 u nas tak\u017ce bezpiecznie.<\/p>\n<p>Zostawcie po sobie \u015blad i oce\u0144cie nasze przestrzenie i zaanga\u017cowanie. Poznajcie nasz\u0105 prac\u0119 i zobaczcie, jak dzielimy si\u0119 z Wami naszymi pomys\u0142ami! Znajdziecie nas m.in. na: Google, Facebook, Instagram, TripAdvisor, Linkedin oraz Booking.com.[\/vc_column_text][vc_empty_space height=&#8221;30px&#8221;][\/vc_column][vc_column width=&#8221;1\/2&#8243;][vc_single_image image=&#8221;6922&#8243; img_size=&#8221;full&#8221; alignment=&#8221;center&#8221; css_animation=&#8221;appear&#8221;][vc_empty_space height=&#8221;30px&#8221;][\/vc_column][\/vc_row]<\/p>\n<\/div>","protected":false},"excerpt":{"rendered":"<p>[vc_row css=&#8221;.vc_custom_1559931614021{margin-top: -150px !important;}&#8221;][vc_column][rev_slider_vc alias=&#8221;onas&#8221;][\/vc_column][\/vc_row][vc_row content_width=&#8221;grid&#8221; css=&#8221;.vc_custom_1559931629216{margin-top: 100px !important;margin-bottom: 100px !important;}&#8221;][vc_column width=&#8221;1\/2&#8243;][vc_single_image image=&#8221;6933&#8243; img_size=&#8221;full&#8221; alignment=&#8221;center&#8221; css_animation=&#8221;appear&#8221;][vc_empty_space height=&#8221;30px&#8221;][\/vc_column][vc_column width=&#8221;1\/2&#8243;][vc_empty_space height=&#8221;30px&#8221;][vc_column_text]Apartamenty Hornigold \u201eW Zielonej Kamienicy\u201d zrodzi\u0142y si\u0119 z marze\u0144. Pragn\u0119li\u015bmy stworzy\u0107 przestrze\u0144, kt\u00f3ra nie b\u0119dzie tylko budynkiem us\u0142ugowym czy hotelem jakich w Katowicach jest wiele, ale mark\u0105&#8230;<\/p>\n","protected":false},"author":9,"featured_media":0,"parent":0,"menu_order":0,"comment_status":"closed","ping_status":"closed","template":"full-width.php","meta":{"footnotes":""},"class_list":["post-6903","page","type-page","status-publish","hentry"],"_links":{"self":[{"href":"https:\/\/hornigold.pl\/index.php?rest_route=\/wp\/v2\/pages\/6903","targetHints":{"allow":["GET"]}}],"collection":[{"href":"https:\/\/hornigold.pl\/index.php?rest_route=\/wp\/v2\/pages"}],"about":[{"href":"https:\/\/hornigold.pl\/index.php?rest_route=\/wp\/v2\/types\/page"}],"author":[{"embeddable":true,"href":"https:\/\/hornigold.pl\/index.php?rest_route=\/wp\/v2\/users\/9"}],"replies":[{"embeddable":true,"href":"https:\/\/hornigold.pl\/index.php?rest_route=%2Fwp%2Fv2%2Fcomments&post=6903"}],"version-history":[{"count":1,"href":"https:\/\/hornigold.pl\/index.php?rest_route=\/wp\/v2\/pages\/6903\/revisions"}],"predecessor-version":[{"id":7023,"href":"https:\/\/hornigold.pl\/index.php?rest_route=\/wp\/v2\/pages\/6903\/revisions\/7023"}],"wp:attachment":[{"href":"https:\/\/hornigold.pl\/index.php?rest_route=%2Fwp%2Fv2%2Fmedia&parent=6903"}],"curies":[{"name":"wp","href":"https:\/\/api.w.org\/{rel}","templated":true}]}}